{"id":7188,"date":"2026-03-19T08:16:21","date_gmt":"2026-03-19T11:16:21","guid":{"rendered":"https:\/\/loja.pradotrens.com.br\/?post_type=product&#038;p=7188"},"modified":"2026-04-13T13:11:48","modified_gmt":"2026-04-13T16:11:48","slug":"stand-11-para-lojistas-produtores-12o-encontro-f-r-m-c","status":"publish","type":"product","link":"https:\/\/loja.pradotrens.com.br\/index.php\/produto\/stand-11-para-lojistas-produtores-12o-encontro-f-r-m-c\/","title":{"rendered":"STAND 11 PARA LOJISTAS\/PRODUTORES &#8211; 12\u00ba ENCONTRO F.R.M.C."},"content":{"rendered":"<h1 style=\"text-align: center;\"><strong>12\u00ba ENCONTRO FERROMODELISMO CAMPINAS <\/strong><\/h1>\n<h1 style=\"text-align: center;\"><strong>EDI\u00c7\u00c3O MAIO<\/strong><\/h1>\n<h2 style=\"text-align: center;\"><strong>CONTRATO PARA AQUISI\u00c7\u00c3O DO STAND PARA O 12\u00ba ENCONTRO DE FERROMODELISMO DE CAMPINAS EDI\u00c7\u00c3O MAIO<\/strong><\/h2>\n<h2 class=\"has-text-align-center\" style=\"text-align: center;\"><strong>PARA RESERVA DO STAND, SEGUE TERMOS DE CONTRATO A SEREM LIDOS, COMPREENDIDOS E ACEITOS SE CONFIRMANDO NA AQUISI\u00c7\u00c3O DO STAND POR CADA LOJISTA \u2013 PRODUTOR \u2013 VENDEDOR E AFINS<\/strong><\/h2>\n<h2 class=\"has-text-align-center\" style=\"text-align: center;\"><img data-recalc-dims=\"1\" loading=\"lazy\" decoding=\"async\" class=\"alignnone wp-image-7178 \" src=\"https:\/\/i0.wp.com\/loja.pradotrens.com.br\/wp-content\/uploads\/2026\/03\/mapa_stands_maio_2026.png?resize=669%2C254&#038;ssl=1\" alt=\"\" width=\"669\" height=\"254\" srcset=\"https:\/\/i0.wp.com\/loja.pradotrens.com.br\/wp-content\/uploads\/2026\/03\/mapa_stands_maio_2026.png?resize=300%2C114&amp;ssl=1 300w, https:\/\/i0.wp.com\/loja.pradotrens.com.br\/wp-content\/uploads\/2026\/03\/mapa_stands_maio_2026.png?resize=1024%2C390&amp;ssl=1 1024w, https:\/\/i0.wp.com\/loja.pradotrens.com.br\/wp-content\/uploads\/2026\/03\/mapa_stands_maio_2026.png?resize=768%2C292&amp;ssl=1 768w, https:\/\/i0.wp.com\/loja.pradotrens.com.br\/wp-content\/uploads\/2026\/03\/mapa_stands_maio_2026.png?resize=600%2C228&amp;ssl=1 600w, https:\/\/i0.wp.com\/loja.pradotrens.com.br\/wp-content\/uploads\/2026\/03\/mapa_stands_maio_2026.png?w=1432&amp;ssl=1 1432w\" sizes=\"auto, (max-width: 669px) 100vw, 669px\" \/><\/h2>\n<h2 class=\"has-text-align-center\" style=\"text-align: center;\"><a href=\"https:\/\/loja.pradotrens.com.br\/wp-content\/uploads\/2026\/03\/mapa_stands_maio_2026.png\">PARA AMPLIAR CLIQUE AQUI<\/a><\/h2>\n<p>&nbsp;<\/p>\n<h2 class=\"has-text-align-center\" style=\"text-align: center;\"><strong>OBJETO DO CONTRATO<\/strong><\/h2>\n<p>Cl\u00e1usula 1\u00aa. \u00c9 objeto deste contrato a realiza\u00e7\u00e3o do 12\u00ba Encontro de Modelismo Ferrovi\u00e1rio da Regi\u00e3o Metropolitana de Campinas EDI\u00c7\u00c3O MAIO\u00a0 a ser realizado no dia 16 de MAIO de 2.026 na Esta\u00e7\u00e3o Cultura, localizada na Pra\u00e7a Marechal Floriano s\/n\u00ba, Centro, Campinas.<\/p>\n<h2 style=\"text-align: center;\"><strong>OBRIGA\u00c7\u00d5ES DA CONTRATANTE<\/strong><\/h2>\n<p>Cl\u00e1usula 2\u00aa. A contratante se compromete a providenciar o lugar reservado (stand n\u00ba __) para a Contratada instalar o Stand de sua propriedade.<\/p>\n<p>Par\u00e1grafo 1\u00ba: As necessidades da Contratada dever\u00e3o ser enviadas por escrito para aprova\u00e7\u00e3o por parte da Contratante e posterior adequa\u00e7\u00e3o do local.<\/p>\n<h2 style=\"text-align: center;\"><strong>Par\u00e1grafo 2\u00ba: <\/strong><\/h2>\n<p>&#8211; Cada stand ter\u00e1 dispon\u00edvel o espa\u00e7o de 4,20 Metros, sem op\u00e7\u00e3o de compra adicional de mesas, as cadeiras ser\u00e3o disponibilizadas 2 unidades por stand, qualquer necessidade adicional sobre as cadeiras, contatar a organiza\u00e7\u00e3o do evento.<\/p>\n<h2 style=\"text-align: center;\"><strong>OBRIGA\u00c7\u00d5ES DA CONTRATADA<\/strong><\/h2>\n<p>Cl\u00e1usula 3\u00aa. A contratada se compromete a instalar no lugar determinado pela<br \/>\nContratante seu stand de produtos e\/ou servi\u00e7os.<\/p>\n<p>Par\u00e1grafo 1\u00ba: O transporte e instala\u00e7\u00e3o do stand ocorrer\u00e3o por conta da contratada.<\/p>\n<p>Cl\u00e1usula 4\u00aa. A montagem do stand ser\u00e1 no dia 16 de MAIO de 2.026, sendo que este prazo ser\u00e1 rigorosamente exigido pela organiza\u00e7\u00e3o do evento. Os hor\u00e1rios de trabalho dever\u00e3o ser das 7:00 \u00e0s 18:00 horas.<br \/>\nCaso seja necess\u00e1rio outro hor\u00e1rio, comunicar por escrito para se verificar a possibilidade de atendimento. O expositor ficar\u00e1 respons\u00e1vel pela seguran\u00e7a dos produtos fora do hor\u00e1rio acima estipulado.<\/p>\n<p>Cl\u00e1usula 5\u00aa. A desmontagem ser\u00e1 permitida a partir das 17:30 horas do mesmo dia.<br \/>\nCaso seja necess\u00e1rio outro hor\u00e1rio, comunicar por escrito para verificar a possibilidade de atendimento. O expositor ficar\u00e1 respons\u00e1vel pela seguran\u00e7a dos produtos fora do hor\u00e1rio acima estipulado.<\/p>\n<h2 style=\"text-align: center;\"><strong>Cl\u00e1usula 6\u00aa. CUMPRIMENTO DO REGULAMENTO<\/strong><\/h2>\n<p>Os expositores obrigam-se ao cumprimento das disposi\u00e7\u00f5es contidas no presente, levando-as tamb\u00e9m ao conhecimento de seus funcion\u00e1rios, terceirizados, fornecedores e outros.<\/p>\n<h2 style=\"text-align: center;\"><strong>Cl\u00e1usula 7\u00aa. INTRANSFERIBILIDADE<\/strong><\/h2>\n<p>O expositor n\u00e3o poder\u00e1 transferir, total ou parcialmente, qualquer direito ou responsabilidade assumida com rela\u00e7\u00e3o ao evento, nem sublocar ou ceder parte ou toda a \u00e1rea, \u00e0 empresa ou produto que n\u00e3o for o seu.<\/p>\n<h2 style=\"text-align: center;\"><strong>Cl\u00e1usula 8\u00aa. REPONSABILIDADE<\/strong><\/h2>\n<p>O expositor \u00e9 o \u00fanico respons\u00e1vel pelo seu stand no evento. A Prado Trens n\u00e3o ser\u00e1 respons\u00e1vel por danos ou preju\u00edzos, de qualquer natureza, causada a pessoas ou a produtos expostos antes, durante e ap\u00f3s o evento.<br \/>\nCada expositor \u00e9 \u00fanico respons\u00e1vel pela movimenta\u00e7\u00e3o \u2013 carga e descarga \u2013 de qualquer equipamento utilizado durante a montagem do stand, sendo que a desmontagem dos stands e retirada dos equipamentos dever\u00e1 ser efetuada na mesma data do evento informada acima.<\/p>\n<p>Cl\u00e1usula 9\u00aa. A CONTRATADA ser\u00e1 a \u00fanica e exclusiva respons\u00e1vel por todos os empregados que para ela trabalharem no evento, cabendo a ela o cumprimento das obriga\u00e7\u00f5es legais decorrentes da presta\u00e7\u00e3o dos servi\u00e7os ora contratados.<\/p>\n<h2 style=\"text-align: center;\"><strong>DO PRE\u00c7O E DAS CONDI\u00c7\u00d5ES DE PAGAMENTO<\/strong><\/h2>\n<h2 style=\"text-align: center;\"><strong>Cl\u00e1usula 10. <\/strong><\/h2>\n<p>&#8211; O servi\u00e7o ora contratado no presente instrumento ser\u00e1 remunerado pela contratada na quantia de R$ 410,00 (Quatrocentos e Dez Reais), devendo ser pago no ato da Inscri\u00e7\u00e3o para o Stand.<\/p>\n<p>&#8211; O Stand somente ser\u00e1 reservado se o mesmo for adquirido e pago devidamente pelo Link do Evento que neste se inscreve a Contratante<\/p>\n<h2 style=\"text-align: center;\"><strong>DA RESCIS\u00c3O<\/strong><\/h2>\n<p>Cl\u00e1usula 11. O presente contrato poder\u00e1 ser rescindido unilateralmente por qualquer uma das partes, desde que haja comunica\u00e7\u00e3o formal por escrito justificando o motivo. Dever\u00e1 acontecer, al\u00e9m disso, em no m\u00e1ximo 5 dias corridos antes da data prevista para o evento.<br \/>\nEm caso de rescis\u00e3o por parte da Contratada, o valor pago n\u00e3o ser\u00e1 devolvido.<\/p>\n<p>Cl\u00e1usula 12. Qualquer altera\u00e7\u00e3o, modifica\u00e7\u00e3o, complementa\u00e7\u00e3o, ou ajuste, somente ser\u00e1 reconhecido e produzir\u00e1 efeitos legais, se incorporado ao presente contrato mediante Termo Aditivo, devidamente acordado pelas partes contratantes.<\/p>\n<h2 style=\"text-align: center;\"><strong>DO FORO<\/strong><\/h2>\n<p>Cl\u00e1usula 13. Para dirimir quaisquer controv\u00e9rsias oriundas do presente contrato, as partes elegem o foro da comarca da cidade de Campinas, S\u00e3o Paulo, excluindo qualquer outro, por mais privilegiado que seja,<\/p>\n","protected":false},"excerpt":{"rendered":"<p>12\u00ba ENCONTRO FERROMODELISMO CAMPINAS EDI\u00c7\u00c3O MAIO CONTRATO PARA AQUISI\u00c7\u00c3O DO STAND PARA O 12\u00ba ENCONTRO DE FERROMODELISMO DE CAMPINAS EDI\u00c7\u00c3O<\/p>\n","protected":false},"featured_media":7178,"comment_status":"open","ping_status":"closed","template":"","meta":{"colormag_page_container_layout":"default_layout","colormag_page_sidebar_layout":"default_layout","_joinchat":[],"jetpack_publicize_message":"","jetpack_publicize_feature_enabled":true,"jetpack_social_post_already_shared":true,"jetpack_social_options":{"image_generator_settings":{"template":"highway","default_image_id":0,"font":"","enabled":false},"version":2}},"product_brand":[],"product_cat":[25],"product_tag":[],"class_list":{"0":"post-7188","1":"product","2":"type-product","3":"status-publish","4":"has-post-thumbnail","6":"product_cat-stands","8":"first","9":"outofstock","10":"virtual","11":"purchasable","12":"product-type-simple"},"yoast_head":"<!-- This site is optimized with the Yoast SEO plugin v27.6 - https:\/\/yoast.com\/product\/yoast-seo-wordpress\/ -->\n<title>STAND 11 PARA LOJISTAS\/PRODUTORES - 12\u00ba ENCONTRO F.R.M.C. - SITE E LOJA VIRTUAL - PRADO TRENS<\/title>\n<meta name=\"robots\" content=\"index, follow, max-snippet:-1, max-image-preview:large, max-video-preview:-1\" \/>\n<link rel=\"canonical\" href=\"https:\/\/loja.pradotrens.com.br\/index.php\/produto\/stand-11-para-lojistas-produtores-12o-encontro-f-r-m-c\/\" \/>\n<meta property=\"og:locale\" content=\"pt_BR\" \/>\n<meta property=\"og:type\" content=\"article\" \/>\n<meta property=\"og:title\" content=\"STAND 11 PARA LOJISTAS\/PRODUTORES - 12\u00ba ENCONTRO F.R.M.C. - SITE E LOJA VIRTUAL - PRADO TRENS\" \/>\n<meta property=\"og:description\" content=\"12\u00ba ENCONTRO FERROMODELISMO CAMPINAS EDI\u00c7\u00c3O MAIO CONTRATO PARA AQUISI\u00c7\u00c3O DO STAND PARA O 12\u00ba ENCONTRO DE FERROMODELISMO DE CAMPINAS EDI\u00c7\u00c3O\" \/>\n<meta property=\"og:url\" content=\"https:\/\/loja.pradotrens.com.br\/index.php\/produto\/stand-11-para-lojistas-produtores-12o-encontro-f-r-m-c\/\" \/>\n<meta property=\"og:site_name\" content=\"SITE E LOJA VIRTUAL - PRADO TRENS\" \/>\n<meta property=\"article:modified_time\" content=\"2026-04-13T16:11:48+00:00\" \/>\n<meta property=\"og:image\" content=\"https:\/\/loja.pradotrens.com.br\/wp-content\/uploads\/2026\/03\/mapa_stands_maio_2026.png\" \/>\n\t<meta property=\"og:image:width\" content=\"1432\" \/>\n\t<meta property=\"og:image:height\" content=\"545\" \/>\n\t<meta property=\"og:image:type\" content=\"image\/png\" \/>\n<meta name=\"twitter:card\" content=\"summary_large_image\" \/>\n<meta name=\"twitter:label1\" content=\"Est. tempo de leitura\" \/>\n\t<meta name=\"twitter:data1\" content=\"5 minutos\" \/>\n<script type=\"application\/ld+json\" class=\"yoast-schema-graph\">{\"@context\":\"https:\\\/\\\/schema.org\",\"@graph\":[{\"@type\":\"WebPage\",\"@id\":\"https:\\\/\\\/loja.pradotrens.com.br\\\/index.php\\\/produto\\\/stand-11-para-lojistas-produtores-12o-encontro-f-r-m-c\\\/\",\"url\":\"https:\\\/\\\/loja.pradotrens.com.br\\\/index.php\\\/produto\\\/stand-11-para-lojistas-produtores-12o-encontro-f-r-m-c\\\/\",\"name\":\"STAND 11 PARA LOJISTAS\\\/PRODUTORES - 12\u00ba ENCONTRO F.R.M.C. - SITE E LOJA VIRTUAL - PRADO TRENS\",\"isPartOf\":{\"@id\":\"https:\\\/\\\/loja.pradotrens.com.br\\\/#website\"},\"primaryImageOfPage\":{\"@id\":\"https:\\\/\\\/loja.pradotrens.com.br\\\/index.php\\\/produto\\\/stand-11-para-lojistas-produtores-12o-encontro-f-r-m-c\\\/#primaryimage\"},\"image\":{\"@id\":\"https:\\\/\\\/loja.pradotrens.com.br\\\/index.php\\\/produto\\\/stand-11-para-lojistas-produtores-12o-encontro-f-r-m-c\\\/#primaryimage\"},\"thumbnailUrl\":\"https:\\\/\\\/i0.wp.com\\\/loja.pradotrens.com.br\\\/wp-content\\\/uploads\\\/2026\\\/03\\\/mapa_stands_maio_2026.png?fit=1432%2C545&ssl=1\",\"datePublished\":\"2026-03-19T11:16:21+00:00\",\"dateModified\":\"2026-04-13T16:11:48+00:00\",\"breadcrumb\":{\"@id\":\"https:\\\/\\\/loja.pradotrens.com.br\\\/index.php\\\/produto\\\/stand-11-para-lojistas-produtores-12o-encontro-f-r-m-c\\\/#breadcrumb\"},\"inLanguage\":\"pt-BR\",\"potentialAction\":[{\"@type\":\"ReadAction\",\"target\":[\"https:\\\/\\\/loja.pradotrens.com.br\\\/index.php\\\/produto\\\/stand-11-para-lojistas-produtores-12o-encontro-f-r-m-c\\\/\"]}]},{\"@type\":\"ImageObject\",\"inLanguage\":\"pt-BR\",\"@id\":\"https:\\\/\\\/loja.pradotrens.com.br\\\/index.php\\\/produto\\\/stand-11-para-lojistas-produtores-12o-encontro-f-r-m-c\\\/#primaryimage\",\"url\":\"https:\\\/\\\/i0.wp.com\\\/loja.pradotrens.com.br\\\/wp-content\\\/uploads\\\/2026\\\/03\\\/mapa_stands_maio_2026.png?fit=1432%2C545&ssl=1\",\"contentUrl\":\"https:\\\/\\\/i0.wp.com\\\/loja.pradotrens.com.br\\\/wp-content\\\/uploads\\\/2026\\\/03\\\/mapa_stands_maio_2026.png?fit=1432%2C545&ssl=1\",\"width\":1432,\"height\":545},{\"@type\":\"BreadcrumbList\",\"@id\":\"https:\\\/\\\/loja.pradotrens.com.br\\\/index.php\\\/produto\\\/stand-11-para-lojistas-produtores-12o-encontro-f-r-m-c\\\/#breadcrumb\",\"itemListElement\":[{\"@type\":\"ListItem\",\"position\":1,\"name\":\"In\u00edcio\",\"item\":\"https:\\\/\\\/loja.pradotrens.com.br\\\/\"},{\"@type\":\"ListItem\",\"position\":2,\"name\":\"Loja\",\"item\":\"https:\\\/\\\/loja.pradotrens.com.br\\\/index.php\\\/loja\\\/\"},{\"@type\":\"ListItem\",\"position\":3,\"name\":\"STAND 11 PARA LOJISTAS\\\/PRODUTORES &#8211; 12\u00ba ENCONTRO F.R.M.C.\"}]},{\"@type\":\"WebSite\",\"@id\":\"https:\\\/\\\/loja.pradotrens.com.br\\\/#website\",\"url\":\"https:\\\/\\\/loja.pradotrens.com.br\\\/\",\"name\":\"SITE E LOJA VIRTUAL - PRADO TRENS\",\"description\":\"SITE E LOJA VIRTUAL - PRADO TRENS\",\"potentialAction\":[{\"@type\":\"SearchAction\",\"target\":{\"@type\":\"EntryPoint\",\"urlTemplate\":\"https:\\\/\\\/loja.pradotrens.com.br\\\/?s={search_term_string}\"},\"query-input\":{\"@type\":\"PropertyValueSpecification\",\"valueRequired\":true,\"valueName\":\"search_term_string\"}}],\"inLanguage\":\"pt-BR\"}]}<\/script>\n<!-- \/ Yoast SEO plugin. -->","yoast_head_json":{"title":"STAND 11 PARA LOJISTAS\/PRODUTORES - 12\u00ba ENCONTRO F.R.M.C. - SITE E LOJA VIRTUAL - PRADO TRENS","robots":{"index":"index","follow":"follow","max-snippet":"max-snippet:-1","max-image-preview":"max-image-preview:large","max-video-preview":"max-video-preview:-1"},"canonical":"https:\/\/loja.pradotrens.com.br\/index.php\/produto\/stand-11-para-lojistas-produtores-12o-encontro-f-r-m-c\/","og_locale":"pt_BR","og_type":"article","og_title":"STAND 11 PARA LOJISTAS\/PRODUTORES - 12\u00ba ENCONTRO F.R.M.C. - SITE E LOJA VIRTUAL - PRADO TRENS","og_description":"12\u00ba ENCONTRO FERROMODELISMO CAMPINAS EDI\u00c7\u00c3O MAIO CONTRATO PARA AQUISI\u00c7\u00c3O DO STAND PARA O 12\u00ba ENCONTRO DE FERROMODELISMO DE CAMPINAS EDI\u00c7\u00c3O","og_url":"https:\/\/loja.pradotrens.com.br\/index.php\/produto\/stand-11-para-lojistas-produtores-12o-encontro-f-r-m-c\/","og_site_name":"SITE E LOJA VIRTUAL - PRADO TRENS","article_modified_time":"2026-04-13T16:11:48+00:00","og_image":[{"width":1432,"height":545,"url":"https:\/\/loja.pradotrens.com.br\/wp-content\/uploads\/2026\/03\/mapa_stands_maio_2026.png","type":"image\/png"}],"twitter_card":"summary_large_image","twitter_misc":{"Est. tempo de leitura":"5 minutos"},"schema":{"@context":"https:\/\/schema.org","@graph":[{"@type":"WebPage","@id":"https:\/\/loja.pradotrens.com.br\/index.php\/produto\/stand-11-para-lojistas-produtores-12o-encontro-f-r-m-c\/","url":"https:\/\/loja.pradotrens.com.br\/index.php\/produto\/stand-11-para-lojistas-produtores-12o-encontro-f-r-m-c\/","name":"STAND 11 PARA LOJISTAS\/PRODUTORES - 12\u00ba ENCONTRO F.R.M.C. - SITE E LOJA VIRTUAL - PRADO TRENS","isPartOf":{"@id":"https:\/\/loja.pradotrens.com.br\/#website"},"primaryImageOfPage":{"@id":"https:\/\/loja.pradotrens.com.br\/index.php\/produto\/stand-11-para-lojistas-produtores-12o-encontro-f-r-m-c\/#primaryimage"},"image":{"@id":"https:\/\/loja.pradotrens.com.br\/index.php\/produto\/stand-11-para-lojistas-produtores-12o-encontro-f-r-m-c\/#primaryimage"},"thumbnailUrl":"https:\/\/i0.wp.com\/loja.pradotrens.com.br\/wp-content\/uploads\/2026\/03\/mapa_stands_maio_2026.png?fit=1432%2C545&ssl=1","datePublished":"2026-03-19T11:16:21+00:00","dateModified":"2026-04-13T16:11:48+00:00","breadcrumb":{"@id":"https:\/\/loja.pradotrens.com.br\/index.php\/produto\/stand-11-para-lojistas-produtores-12o-encontro-f-r-m-c\/#breadcrumb"},"inLanguage":"pt-BR","potentialAction":[{"@type":"ReadAction","target":["https:\/\/loja.pradotrens.com.br\/index.php\/produto\/stand-11-para-lojistas-produtores-12o-encontro-f-r-m-c\/"]}]},{"@type":"ImageObject","inLanguage":"pt-BR","@id":"https:\/\/loja.pradotrens.com.br\/index.php\/produto\/stand-11-para-lojistas-produtores-12o-encontro-f-r-m-c\/#primaryimage","url":"https:\/\/i0.wp.com\/loja.pradotrens.com.br\/wp-content\/uploads\/2026\/03\/mapa_stands_maio_2026.png?fit=1432%2C545&ssl=1","contentUrl":"https:\/\/i0.wp.com\/loja.pradotrens.com.br\/wp-content\/uploads\/2026\/03\/mapa_stands_maio_2026.png?fit=1432%2C545&ssl=1","width":1432,"height":545},{"@type":"BreadcrumbList","@id":"https:\/\/loja.pradotrens.com.br\/index.php\/produto\/stand-11-para-lojistas-produtores-12o-encontro-f-r-m-c\/#breadcrumb","itemListElement":[{"@type":"ListItem","position":1,"name":"In\u00edcio","item":"https:\/\/loja.pradotrens.com.br\/"},{"@type":"ListItem","position":2,"name":"Loja","item":"https:\/\/loja.pradotrens.com.br\/index.php\/loja\/"},{"@type":"ListItem","position":3,"name":"STAND 11 PARA LOJISTAS\/PRODUTORES &#8211; 12\u00ba ENCONTRO F.R.M.C."}]},{"@type":"WebSite","@id":"https:\/\/loja.pradotrens.com.br\/#website","url":"https:\/\/loja.pradotrens.com.br\/","name":"SITE E LOJA VIRTUAL - PRADO TRENS","description":"SITE E LOJA VIRTUAL - PRADO TRENS","potentialAction":[{"@type":"SearchAction","target":{"@type":"EntryPoint","urlTemplate":"https:\/\/loja.pradotrens.com.br\/?s={search_term_string}"},"query-input":{"@type":"PropertyValueSpecification","valueRequired":true,"valueName":"search_term_string"}}],"inLanguage":"pt-BR"}]}},"jetpack_publicize_connections":[],"jetpack_sharing_enabled":true,"_links":{"self":[{"href":"https:\/\/loja.pradotrens.com.br\/index.php\/wp-json\/wp\/v2\/product\/7188","targetHints":{"allow":["GET"]}}],"collection":[{"href":"https:\/\/loja.pradotrens.com.br\/index.php\/wp-json\/wp\/v2\/product"}],"about":[{"href":"https:\/\/loja.pradotrens.com.br\/index.php\/wp-json\/wp\/v2\/types\/product"}],"replies":[{"embeddable":true,"href":"https:\/\/loja.pradotrens.com.br\/index.php\/wp-json\/wp\/v2\/comments?post=7188"}],"wp:featuredmedia":[{"embeddable":true,"href":"https:\/\/loja.pradotrens.com.br\/index.php\/wp-json\/wp\/v2\/media\/7178"}],"wp:attachment":[{"href":"https:\/\/loja.pradotrens.com.br\/index.php\/wp-json\/wp\/v2\/media?parent=7188"}],"wp:term":[{"taxonomy":"product_brand","embeddable":true,"href":"https:\/\/loja.pradotrens.com.br\/index.php\/wp-json\/wp\/v2\/product_brand?post=7188"},{"taxonomy":"product_cat","embeddable":true,"href":"https:\/\/loja.pradotrens.com.br\/index.php\/wp-json\/wp\/v2\/product_cat?post=7188"},{"taxonomy":"product_tag","embeddable":true,"href":"https:\/\/loja.pradotrens.com.br\/index.php\/wp-json\/wp\/v2\/product_tag?post=7188"}],"curies":[{"name":"wp","href":"https:\/\/api.w.org\/{rel}","templated":true}]}}