{"id":4120,"date":"2024-05-28T11:50:52","date_gmt":"2024-05-28T14:50:52","guid":{"rendered":"https:\/\/loja.pradotrens.com.br\/?post_type=product&#038;p=4120"},"modified":"2026-02-24T08:12:23","modified_gmt":"2026-02-24T11:12:23","slug":"folha-decal-vagao-hopper-hft-padrao-de-pintura-all-mrc-prado-trens-dp384-escala-ho","status":"publish","type":"product","link":"https:\/\/loja.pradotrens.com.br\/index.php\/produto\/folha-decal-vagao-hopper-hft-padrao-de-pintura-all-mrc-prado-trens-dp384-escala-ho\/","title":{"rendered":"FOLHA DECAL VAG\u00c3O HOPPER HFT PADR\u00c3O DE PINTURA ALL MRC &#8211; PRADO TRENS DP384 &#8211; ESCALA HO"},"content":{"rendered":"<h2 style=\"text-align: center;\"><strong>FOLHA DE DECAL<\/strong><\/h2>\n<h2 style=\"text-align: center;\"><strong>PARA MODELAR <\/strong><\/h2>\n<h2 class=\"_04xlpA direction-ltr align-center ql-indent-2 para-style-subtitle\" style=\"text-align: center;\">VAG\u00c3O HOPPER HFT PADR\u00c3O DE PINTURA ALL MRC &#8211; PRADO TRENS DP384<\/h2>\n<h2 style=\"text-align: center;\">ESCALA HO<\/h2>\n<h2 style=\"text-align: center;\"><span class=\"JsGRdQ\">MODELA AT\u00c9 4 VAG\u00c3O HOPPER HFT PADR\u00c3O DE PINTURA ALL MRC\u00a0<\/span><\/h2>\n<h2 style=\"text-align: center;\">ESCALA HO<\/h2>\n<h2 style=\"text-align: center;\">ENVIO POR CONTA DO COMPRADOR<\/h2>\n","protected":false},"excerpt":{"rendered":"<p>FOLHA DE DECAL PARA MODELAR VAG\u00c3O HOPPER HFT PADR\u00c3O DE PINTURA ALL MRC &#8211; PRADO TRENS DP384 ESCALA HO MODELA<\/p>\n","protected":false},"featured_media":0,"comment_status":"open","ping_status":"closed","template":"","meta":{"colormag_page_container_layout":"default_layout","colormag_page_sidebar_layout":"default_layout","jetpack_post_was_ever_published":false,"_joinchat":[],"jetpack_publicize_message":"","jetpack_publicize_feature_enabled":true,"jetpack_social_post_already_shared":true,"jetpack_social_options":{"image_generator_settings":{"template":"highway","default_image_id":0,"font":"","enabled":false},"version":2}},"product_brand":[],"product_cat":[16,17,39,63],"product_tag":[],"class_list":{"0":"post-4120","1":"product","2":"type-product","3":"status-publish","5":"product_cat-decais-prado-trens","6":"product_cat-escala-ho","7":"product_cat-vagao-hopper","8":"product_cat-vagao-hopper-nacional","10":"first","11":"onbackorder","12":"purchasable","13":"product-type-simple"},"yoast_head":"<!-- This site is optimized with the Yoast SEO plugin v27.4 - https:\/\/yoast.com\/product\/yoast-seo-wordpress\/ -->\n<title>FOLHA DECAL VAG\u00c3O HOPPER HFT PADR\u00c3O DE PINTURA ALL MRC - PRADO TRENS DP384 - ESCALA HO - SITE E LOJA VIRTUAL - PRADO TRENS<\/title>\n<meta name=\"robots\" content=\"index, follow, max-snippet:-1, max-image-preview:large, max-video-preview:-1\" \/>\n<link rel=\"canonical\" href=\"https:\/\/loja.pradotrens.com.br\/index.php\/produto\/folha-decal-vagao-hopper-hft-padrao-de-pintura-all-mrc-prado-trens-dp384-escala-ho\/\" \/>\n<meta property=\"og:locale\" content=\"pt_BR\" \/>\n<meta property=\"og:type\" content=\"article\" \/>\n<meta property=\"og:title\" content=\"FOLHA DECAL VAG\u00c3O HOPPER HFT PADR\u00c3O DE PINTURA ALL MRC - PRADO TRENS DP384 - ESCALA HO - SITE E LOJA VIRTUAL - PRADO TRENS\" \/>\n<meta property=\"og:description\" content=\"FOLHA DE DECAL PARA MODELAR VAG\u00c3O HOPPER HFT PADR\u00c3O DE PINTURA ALL MRC &#8211; PRADO TRENS DP384 ESCALA HO MODELA\" \/>\n<meta property=\"og:url\" content=\"https:\/\/loja.pradotrens.com.br\/index.php\/produto\/folha-decal-vagao-hopper-hft-padrao-de-pintura-all-mrc-prado-trens-dp384-escala-ho\/\" \/>\n<meta property=\"og:site_name\" content=\"SITE E LOJA VIRTUAL - PRADO TRENS\" \/>\n<meta property=\"article:modified_time\" content=\"2026-02-24T11:12:23+00:00\" \/>\n<meta name=\"twitter:card\" content=\"summary_large_image\" \/>\n<meta name=\"twitter:label1\" content=\"Est. tempo de leitura\" \/>\n\t<meta name=\"twitter:data1\" content=\"1 minuto\" \/>\n<script type=\"application\/ld+json\" class=\"yoast-schema-graph\">{\"@context\":\"https:\\\/\\\/schema.org\",\"@graph\":[{\"@type\":\"WebPage\",\"@id\":\"https:\\\/\\\/loja.pradotrens.com.br\\\/index.php\\\/produto\\\/folha-decal-vagao-hopper-hft-padrao-de-pintura-all-mrc-prado-trens-dp384-escala-ho\\\/\",\"url\":\"https:\\\/\\\/loja.pradotrens.com.br\\\/index.php\\\/produto\\\/folha-decal-vagao-hopper-hft-padrao-de-pintura-all-mrc-prado-trens-dp384-escala-ho\\\/\",\"name\":\"FOLHA DECAL VAG\u00c3O HOPPER HFT PADR\u00c3O DE PINTURA ALL MRC - PRADO TRENS DP384 - ESCALA HO - SITE E LOJA VIRTUAL - PRADO TRENS\",\"isPartOf\":{\"@id\":\"https:\\\/\\\/loja.pradotrens.com.br\\\/#website\"},\"datePublished\":\"2024-05-28T14:50:52+00:00\",\"dateModified\":\"2026-02-24T11:12:23+00:00\",\"breadcrumb\":{\"@id\":\"https:\\\/\\\/loja.pradotrens.com.br\\\/index.php\\\/produto\\\/folha-decal-vagao-hopper-hft-padrao-de-pintura-all-mrc-prado-trens-dp384-escala-ho\\\/#breadcrumb\"},\"inLanguage\":\"pt-BR\",\"potentialAction\":[{\"@type\":\"ReadAction\",\"target\":[\"https:\\\/\\\/loja.pradotrens.com.br\\\/index.php\\\/produto\\\/folha-decal-vagao-hopper-hft-padrao-de-pintura-all-mrc-prado-trens-dp384-escala-ho\\\/\"]}]},{\"@type\":\"BreadcrumbList\",\"@id\":\"https:\\\/\\\/loja.pradotrens.com.br\\\/index.php\\\/produto\\\/folha-decal-vagao-hopper-hft-padrao-de-pintura-all-mrc-prado-trens-dp384-escala-ho\\\/#breadcrumb\",\"itemListElement\":[{\"@type\":\"ListItem\",\"position\":1,\"name\":\"In\u00edcio\",\"item\":\"https:\\\/\\\/loja.pradotrens.com.br\\\/\"},{\"@type\":\"ListItem\",\"position\":2,\"name\":\"Loja\",\"item\":\"https:\\\/\\\/loja.pradotrens.com.br\\\/index.php\\\/loja\\\/\"},{\"@type\":\"ListItem\",\"position\":3,\"name\":\"FOLHA DECAL VAG\u00c3O HOPPER HFT PADR\u00c3O DE PINTURA ALL MRC &#8211; PRADO TRENS DP384 &#8211; ESCALA HO\"}]},{\"@type\":\"WebSite\",\"@id\":\"https:\\\/\\\/loja.pradotrens.com.br\\\/#website\",\"url\":\"https:\\\/\\\/loja.pradotrens.com.br\\\/\",\"name\":\"SITE E LOJA VIRTUAL - PRADO TRENS\",\"description\":\"SITE E LOJA VIRTUAL - PRADO TRENS\",\"potentialAction\":[{\"@type\":\"SearchAction\",\"target\":{\"@type\":\"EntryPoint\",\"urlTemplate\":\"https:\\\/\\\/loja.pradotrens.com.br\\\/?s={search_term_string}\"},\"query-input\":{\"@type\":\"PropertyValueSpecification\",\"valueRequired\":true,\"valueName\":\"search_term_string\"}}],\"inLanguage\":\"pt-BR\"}]}<\/script>\n<!-- \/ Yoast SEO plugin. -->","yoast_head_json":{"title":"FOLHA DECAL VAG\u00c3O HOPPER HFT PADR\u00c3O DE PINTURA ALL MRC - PRADO TRENS DP384 - ESCALA HO - SITE E LOJA VIRTUAL - PRADO TRENS","robots":{"index":"index","follow":"follow","max-snippet":"max-snippet:-1","max-image-preview":"max-image-preview:large","max-video-preview":"max-video-preview:-1"},"canonical":"https:\/\/loja.pradotrens.com.br\/index.php\/produto\/folha-decal-vagao-hopper-hft-padrao-de-pintura-all-mrc-prado-trens-dp384-escala-ho\/","og_locale":"pt_BR","og_type":"article","og_title":"FOLHA DECAL VAG\u00c3O HOPPER HFT PADR\u00c3O DE PINTURA ALL MRC - PRADO TRENS DP384 - ESCALA HO - SITE E LOJA VIRTUAL - PRADO TRENS","og_description":"FOLHA DE DECAL PARA MODELAR VAG\u00c3O HOPPER HFT PADR\u00c3O DE PINTURA ALL MRC &#8211; PRADO TRENS DP384 ESCALA HO MODELA","og_url":"https:\/\/loja.pradotrens.com.br\/index.php\/produto\/folha-decal-vagao-hopper-hft-padrao-de-pintura-all-mrc-prado-trens-dp384-escala-ho\/","og_site_name":"SITE E LOJA VIRTUAL - PRADO TRENS","article_modified_time":"2026-02-24T11:12:23+00:00","twitter_card":"summary_large_image","twitter_misc":{"Est. tempo de leitura":"1 minuto"},"schema":{"@context":"https:\/\/schema.org","@graph":[{"@type":"WebPage","@id":"https:\/\/loja.pradotrens.com.br\/index.php\/produto\/folha-decal-vagao-hopper-hft-padrao-de-pintura-all-mrc-prado-trens-dp384-escala-ho\/","url":"https:\/\/loja.pradotrens.com.br\/index.php\/produto\/folha-decal-vagao-hopper-hft-padrao-de-pintura-all-mrc-prado-trens-dp384-escala-ho\/","name":"FOLHA DECAL VAG\u00c3O HOPPER HFT PADR\u00c3O DE PINTURA ALL MRC - PRADO TRENS DP384 - ESCALA HO - SITE E LOJA VIRTUAL - PRADO TRENS","isPartOf":{"@id":"https:\/\/loja.pradotrens.com.br\/#website"},"datePublished":"2024-05-28T14:50:52+00:00","dateModified":"2026-02-24T11:12:23+00:00","breadcrumb":{"@id":"https:\/\/loja.pradotrens.com.br\/index.php\/produto\/folha-decal-vagao-hopper-hft-padrao-de-pintura-all-mrc-prado-trens-dp384-escala-ho\/#breadcrumb"},"inLanguage":"pt-BR","potentialAction":[{"@type":"ReadAction","target":["https:\/\/loja.pradotrens.com.br\/index.php\/produto\/folha-decal-vagao-hopper-hft-padrao-de-pintura-all-mrc-prado-trens-dp384-escala-ho\/"]}]},{"@type":"BreadcrumbList","@id":"https:\/\/loja.pradotrens.com.br\/index.php\/produto\/folha-decal-vagao-hopper-hft-padrao-de-pintura-all-mrc-prado-trens-dp384-escala-ho\/#breadcrumb","itemListElement":[{"@type":"ListItem","position":1,"name":"In\u00edcio","item":"https:\/\/loja.pradotrens.com.br\/"},{"@type":"ListItem","position":2,"name":"Loja","item":"https:\/\/loja.pradotrens.com.br\/index.php\/loja\/"},{"@type":"ListItem","position":3,"name":"FOLHA DECAL VAG\u00c3O HOPPER HFT PADR\u00c3O DE PINTURA ALL MRC &#8211; PRADO TRENS DP384 &#8211; ESCALA HO"}]},{"@type":"WebSite","@id":"https:\/\/loja.pradotrens.com.br\/#website","url":"https:\/\/loja.pradotrens.com.br\/","name":"SITE E LOJA VIRTUAL - PRADO TRENS","description":"SITE E LOJA VIRTUAL - PRADO TRENS","potentialAction":[{"@type":"SearchAction","target":{"@type":"EntryPoint","urlTemplate":"https:\/\/loja.pradotrens.com.br\/?s={search_term_string}"},"query-input":{"@type":"PropertyValueSpecification","valueRequired":true,"valueName":"search_term_string"}}],"inLanguage":"pt-BR"}]}},"jetpack_publicize_connections":[],"jetpack_sharing_enabled":true,"_links":{"self":[{"href":"https:\/\/loja.pradotrens.com.br\/index.php\/wp-json\/wp\/v2\/product\/4120","targetHints":{"allow":["GET"]}}],"collection":[{"href":"https:\/\/loja.pradotrens.com.br\/index.php\/wp-json\/wp\/v2\/product"}],"about":[{"href":"https:\/\/loja.pradotrens.com.br\/index.php\/wp-json\/wp\/v2\/types\/product"}],"replies":[{"embeddable":true,"href":"https:\/\/loja.pradotrens.com.br\/index.php\/wp-json\/wp\/v2\/comments?post=4120"}],"wp:attachment":[{"href":"https:\/\/loja.pradotrens.com.br\/index.php\/wp-json\/wp\/v2\/media?parent=4120"}],"wp:term":[{"taxonomy":"product_brand","embeddable":true,"href":"https:\/\/loja.pradotrens.com.br\/index.php\/wp-json\/wp\/v2\/product_brand?post=4120"},{"taxonomy":"product_cat","embeddable":true,"href":"https:\/\/loja.pradotrens.com.br\/index.php\/wp-json\/wp\/v2\/product_cat?post=4120"},{"taxonomy":"product_tag","embeddable":true,"href":"https:\/\/loja.pradotrens.com.br\/index.php\/wp-json\/wp\/v2\/product_tag?post=4120"}],"curies":[{"name":"wp","href":"https:\/\/api.w.org\/{rel}","templated":true}]}}